 What is the remainder when (b/(-4))/(1/28) is divided by 4?
2
Let w be -2*1 - -1 - -6. Suppose 4*t + w = -p + 22, 0 = -4*p + 4*t - 12. Calculate the remainder when 14 is divided by ((-16)/(-6))/(p/3).
6
Let n = 96 - 172. What is the remainder when (-6 - -4)/(2/n) is divided by 26?
24
Suppose 2*o + 4*b = 36, 0*o - 5*o + 35 = -b. What is the remainder when 21 is divided by o?
5
Let v = -13 + 18. Suppose 0 = v*w + m - 56, -2*m - 4 = -2*w - 7*m. Calculate the remainder when w is divided by 3.
0
Let x = 31 - 9. Calculate the remainder when 41 is divided by x.
19
Let s be 15/(-4) - 3/12. Calculate the remainder when 16 is divided by 7 + -2*(-2)/s.
4
Let n(m) = -m**2 + m + 2. Let y be n(2). Suppose 3*o + 2*o - 10 = y. What is the remainder when 26/6 + (-14)/(-21) is divided by o?
1
Suppose 2*d = -5*h - 518, 4*h + 9*d - 4*d + 428 = 0. Calculate the remainder when 7 is divided by (-2)/3 + h/(-18).
2
Let n(d) = -3*d - 5. Let r(f) = 3*f**2. Let m be r(1). Suppose -2*b - 52 = -3*z, 3*z - 6*b - 51 = -m*b. What is the remainder when z is divided by n(-4)?
4
Suppose -5*a + 4*u = -185, 5*a = -5*u + 333 - 103. Let k = a - 8. What is the remainder when k is divided by 9?
6
What is the remainder when 88 is divided by 1*3/(-7) - 636/(-14)?
43
Calculate the remainder when (-6054)/(-63) + (-4)/42 is divided by 25.
21
What is the remainder when (-44)/6*147/(-14) is divided by 16?
13
Let a = 119 + -107. What is the remainder when a is divided by 3?
0
Let n be (-2)/(-8) - 30/24. Let d be (4/6)/((-6)/(-18)). What is the remainder when 40 is divided by (n - 0) + 17 - d?
12
Let w(k) = 39*k - 32. Let a(i) = 4*i**2 + 2*i - 1. Suppose -f + 1 + 4 = 2*o, 0 = -2*f - 2*o + 6. Calculate the remainder when w(1) is divided by a(f).
2
Let n(q) = -4*q - 7 - 3*q**2 + 2*q**2 + 2*q**2. What is the remainder when 14 is divided by n(6)?
4
Let p = 2 + 28. Suppose 0*s - 5*s + p = 0. Calculate the remainder when 32/10*(6 + -1) is divided by s.
4
Let y(l) = 2*l - 6. Let z(a) = -a**3 - 8*a**2 + 7*a - 13. Let k be z(-9). Calculate the remainder when (-6)/7*(-2 - 5) is divided by y(k).
2
Let v = -6 - -12. Let q = 17 - 10. Calculate the remainder when 2/v*-19*-3 is divided by q.
5
Suppose 0*n = -10*n + 100. Calculate the remainder when 15 is divided by n.
5
Let t(y) = 6*y - 8. Calculate the remainder when t(7) is divided by (8/16)/((-2)/(-48)).
10
Suppose 2*n - 39 - 59 = 0. What is the remainder when n is divided by 25?
24
What is the remainder when 103 is divided by 33/6*1/((-3)/(-30))?
48
Let u(q) = -2*q - 2. Let l be 6/1*(-12)/18. Calculate the remainder when u(l) is divided by 4.
2
Let k = -8 - -31. Calculate the remainder when k is divided by 14.
9
Suppose -4*t - 3 = -2*r + 5, r = -t + 7. Suppose -a = -r*s + 4*s + 101, 2*s = -4*a + 106. Calculate the remainder when s is divided by 27.
24
Let v(j) = -j**3 + 6*j**2 - 7*j + 6. What is the remainder when 68 is divided by v(4)?
8
Suppose -7 = -3*g + 5. Suppose 9 = g*b + 29, 3*o + b = 10. Calculate the remainder when o is divided by 4.
1
Suppose 0 = -h - 0*h. Suppose h*b = -2*b + 62. Let o(n) = n**3 + 7*n**2 + 5*n + 5. What is the remainder when b is divided by o(-6)?
9
Suppose -18*f = -22*f + 72. Suppose 3*a - 25 = -m, 30 = a - 0*a - 4*m. Calculate the remainder when f is divided by a.
8
Let s = 16 - 4. Let w(m) = -m**2 - 15*m - 19. Let i be w(-13). Let a = i - -14. Calculate the remainder when a is divided by s.
9
Suppose 2*o - 8 - 10 = 0. What is the remainder when o is divided by 5?
4
Suppose -26*k + 32*k - 66 = 0. Calculate the remainder when 30 is divided by k.
8
Let j = 30 - 33. Let o(v) = -5*v - 10. What is the remainder when 16 is divided by o(j)?
1
What is the remainder when 11 - (3 + -2 + -3) is divided by 5?
3
Let l(s) = -4*s - 1. What is the remainder when 83 is divided by l(-2)?
6
Suppose 2 = -2*z + 26. Let q(r) = -1 + z*r**2 - 3*r**2 - r - 3*r**2 - 3*r**2. Calculate the remainder when q(-2) is divided by 4.
1
Let h(c) = -7*c + 2. Let a be h(-4). Suppose -3*l = -2*o - a, 2*o - 10 = 3*l - 5*l. What is the remainder when l is divided by 5?
3
Let x(g) = 4*g**2 + 2*g - 4. Let a be 1/(-1 + 6/8). Suppose -f = 3*f - 72. What is the remainder when x(a) is divided by f?
16
Let s(t) = 23*t**2 - t. What is the remainder when s(1) is divided by 6?
4
Let l = 5 - 8. Let u = 16 - l. What is the remainder when 54 is divided by u?
16
Let g(c) = c**3 - c**2 + 12. Suppose -t = 3*t - 24. Let p be (1 + -1)*3/t. Calculate the remainder when 22 is divided by g(p).
10
Let p(r) = r**3 - 4*r**2 + 4*r + 1. Let o be p(3). Suppose o*s + 48 = 8*s. What is the remainder when s is divided by 7?
5
Let w(d) = -d - 2. What is the remainder when 24 is divided by w(-11)?
6
Suppose 5*n - 4*g = 31, n - 4*g - 5 = -2*g. Let k(f) = -f**3 + f**2 + 3*f + 3. What is the remainder when k(-2) is divided by n?
2
Let o(r) = -r - 2*r + r**2 - 4*r - 4. Let w be o(8). Suppose 0*b = -2*b + w. What is the remainder when b is divided by 1?
0
Let b(q) = -q**2 - 2*q. Let w be b(-2). Let t(d) = d + 5. Calculate the remainder when 17 is divided by t(w).
2
Let f be (-14)/(5/(15/(-6))). Suppose 2*j + 3*o - 18 = -0*o, -j = o - f. Let h(v) = -3*v - 1. What is the remainder when h(-3) is divided by j?
2
Suppose 4*w - w = 186. Calculate the remainder when w is divided by 21.
20
Let b(k) = k - 4. Let r be b(-5). Let c = 22 + r. Calculate the remainder when 38 is divided by c.
12
Let r = 1 + 5. What is the remainder when 23 - 0 - (-2 + 2) is divided by r?
5
Let m(g) = 2*g**2 + g + 1. Suppose 10 = v + 7. Calculate the remainder when m(v) is divided by 13.
9
Suppose 0*p = -3*p + 2*v + 53, 0 = 3*p - 4*v - 55. Calculate the remainder when (1 - -1 - 2) + 49 is divided by p.
15
Let o(y) = 2*y**2 - y - 1. Let m be 5*(2/(-10) + 1). Let x(s) = -4*s - 5. Calculate the remainder when o(m) is divided by x(-5).
12
Suppose 3*a + 114 = 3*w, 2*w + 0*a - a = 75. Calculate the remainder when w is divided by 19.
18
Suppose 0 = 3*i + 4*z - 55, -i = 4*z - 4 - 25. What is the remainder when 49 is divided by i?
10
Let w = 33 - 15. Suppose -6 + 1 = f. Let k = w + f. What is the remainder when k is divided by 5?
3
Suppose -10 = -5*i + 20. Let y be (-3)/(27/i)*-12. What is the remainder when 26 is divided by -18*2*(-2)/y?
8
Let w = -9 + 122. What is the remainder when w is divided by 30?
23
Let a(c) = -c**2 - 5*c + 5. Let y = 0 - 5. Let x = 18 + -9. What is the remainder when x is divided by a(y)?
4
Suppose -2*t - 65 = -251. What is the remainder when t is divided by 24?
21
Let i(s) = -s**3 - s**2 - 3. Let l be i(0). Calculate the remainder when -2 + 1 + l + 22 is divided by 10.
8
Calculate the remainder when ((-204)/(-21))/((-2)/(-7)) is divided by 19.
15
What is the remainder when 351/6 - 3/(-6) is divided by 20?
19
Let r be (-174)/(3/(-3)) - -2. Suppose 0*b - 284 = -5*b - 3*u, 0 = 3*b - u - r. What is the remainder when b is divided by 20?
18
Suppose 0 = -0*n - n - 2*q + 1, -3*n - 3*q + 6 = 0. Let t(y) = 5*y. Calculate the remainder when t(n) is divided by 6.
3
Suppose 6*u - 5*z = u + 80, 3*z = -u. Suppose b + 106 = 3*p, p + 0*p = 2*b + 42. What is the remainder when p is divided by u?
10
Calculate the remainder when (-15 - (-6 - -2))/(-1) is divided by 8.
3
Suppose -h = -5 - 8. Calculate the remainder when 4/4 + 37 + 0 is divided by h.
12
Suppose -k - 3*k + 48 = 0. Let o(z) = -18*z**3 + z**2. Let a be o(-1). Let d = a - k. What is the remainder when d is divided by 4?
3
Let s = 181 + -128. Calculate the remainder when s is divided by 28.
25
Let p(u) = -3*u - 6. Suppose -3*j - 2*r + 12 = -5*r, 0 = 3*j - 5*r - 6. What is the remainder when p(-6) is divided by j?
5
Calculate the remainder when 24 is divided by (14 - 24)*3/(-5).
0
Let g(b) = b. Let f = 132 - 93. Suppose t = -0*s + 3*s - f, s = -4*t. Calculate the remainder when s is divided by g(7).
5
Let t(a) = -33*a**2 - a. Let g be t(1). Calculate the remainder when (-4)/(-8) + g/(-4) is divided by 5.
4
Let c(u) = u**2 - 4. Let h = 10 + -7. Suppose -3*d = l + 4 - 0, -l - d = 0. What is the remainder when c(h) is divided by l?
1
Let b(p) = -p**3 - p**2. Let c be b(-1). Let l = c - -13. What is the remainder when 49 is divided by l?
10
Suppose 5 = z - 1. What is the remainder when (-19)/((-285)/(-6)) - 104/(-10) is divided by z?
4
Let r(n) = n**2 + 5*n - 3. Let w be 